t common factor of 88 and 473?
11
What is the greatest common divisor of 13 and 2639?
13
Calculate the greatest common factor of 15052 and 212.
212
What is the greatest common divisor of 88 and 594?
22
Calculate the greatest common divisor of 6 and 32.
2
What is the highest common factor of 99 and 1221?
33
What is the greatest common divisor of 56 and 70?
14
What is the greatest common factor of 459 and 27?
27
What is the highest common factor of 5 and 460?
5
What is the greatest common divisor of 169 and 780?
13
What is the greatest common divisor of 866 and 2?
2
What is the highest common divisor of 24 and 180?
12
Calculate the greatest common divisor of 75 and 1875.
75
Calculate the greatest common factor of 4 and 1718.
2
Calculate the greatest common divisor of 64 and 56.
8
What is the highest common divisor of 464 and 144?
16
Calculate the greatest common factor of 192 and 816.
48
What is the highest common divisor of 246 and 96?
6
Calculate the greatest common divisor of 18394 and 68.
34
Calculate the highest common factor of 15 and 455.
5
Calculate the greatest common divisor of 432 and 162.
54
What is the greatest common factor of 24 and 69336?
24
Calculate the greatest common factor of 395 and 158.
79
Calculate the highest common divisor of 1856 and 192.
64
What is the highest common factor of 9 and 153?
9
Calculate the greatest common factor of 96 and 144.
48
Calculate the highest common divisor of 120 and 4.
4
What is the highest common factor of 4890 and 15?
15
Calculate the greatest common divisor of 117 and 9.
9
Calculate the highest common factor of 2712 and 48.
24
Calculate the highest common divisor of 24 and 1536.
24
Calculate the greatest common divisor of 440 and 200.
40
Calculate the highest common divisor of 128 and 404.
4
Calculate the highest common divisor of 48 and 9.
3
What is the highest common divisor of 348 and 24?
12
What is the greatest common divisor of 24080 and 140?
140
What is the highest common divisor of 32 and 752?
16
What is the highest common divisor of 28 and 196?
28
Calculate the highest common factor of 23 and 3841.
23
What is the highest common divisor of 611 and 94?
47
Calculate the greatest common divisor of 132 and 627.
33
Calculate the highest common factor of 58 and 493.
29
Calculate the greatest common divisor of 192 and 912.
48
What is the highest common divisor of 120 and 6060?
60
What is the greatest common factor of 20 and 5850?
10
What is the highest common factor of 1148 and 123?
41
What is the highest common divisor of 2 and 94?
2
Calculate the highest common factor of 48 and 126.
6
What is the greatest common factor of 80736 and 58?
58
What is the greatest common divisor of 28 and 3556?
28
What is the highest common divisor of 612 and 60?
12
Calculate the highest common factor of 48 and 1320.
24
What is the greatest common factor of 68 and 244?
4
Calculate the greatest common factor of 1 and 70.
1
What is the greatest common divisor of 7805 and 7?
7
What is the highest common factor of 60 and 132?
12
What is the greatest common divisor of 49 and 2891?
49
What is the highest common divisor of 16 and 106?
2
What is the highest common factor of 300 and 75?
75
Calculate the greatest common factor of 17836 and 91.
91
Calculate the greatest common factor of 489 and 9943.
163
What is the greatest common factor of 841 and 58?
29
Calculate the greatest common divisor of 2725 and 75.
25
What is the highest common factor of 28 and 490?
14
What is the greatest common divisor of 88 and 22308?
44
What is the greatest common factor of 453 and 5?
1
What is the highest common divisor of 112 and 688?
16
Calculate the highest common factor of 2249 and 5536.
173
What is the highest common divisor of 651 and 21?
21
Calculate the greatest common factor of 82 and 2173.
41
What is the highest common divisor of 1189 and 232?
29
Calculate the greatest common factor of 116 and 58.
58
Calculate the greatest common divisor of 2275 and 5425.
175
Calculate the greatest common factor of 1331 and 11.
11
Calculate the greatest common factor of 804 and 144.
12
What is the greatest common divisor of 7 and 1?
1
Calculate the highest common divisor of 408 and 6.
6
Calculate the greatest common factor of 162 and 243.
81
What is the highest common factor of 98 and 245?
49
What is the greatest common factor of 92 and 6164?
92
What is the greatest common divisor of 28 and 2324?
28
Calculate the greatest common divisor of 184 and 575.
23
What is the highest common factor of 10134 and 18?
18
What is the highest common factor of 16 and 320?
16
Calculate the greatest common factor of 2 and 522.
2
What is the greatest common divisor of 28 and 182?
14
Calculate the greatest common divisor of 779 and 328.
41
Calculate the greatest common factor of 32 and 3512.
8
Calculate the highest common factor of 324 and 4.
4
Calculate the highest common divisor of 5723 and 97.
97
What is the greatest common divisor of 5 and 1?
1
What is the greatest common divisor of 1222 and 26?
26
Calculate the highest common factor of 11 and 528.
11
What is the highest common factor of 2401 and 7?
7
Calculate the highest common factor of 539 and 2009.
49
Calculate the greatest common divisor of 100 and 800.
100
Calculate the highest common divisor of 11 and 1133.
11
Calculate the greatest common divisor of 33 and 948.
3
What is the highest common divisor of 33 and 258?
3
What is the highest common factor of 5 and 605?
5
Calculate the highest common divisor of 39 and 3159.
39
What is the greatest common factor of 360 and 2952?
72
Calculate the highest common divisor of 140 and 21588.
28
What is the greatest common factor of 96 and 3?
3
Calculate the greatest common factor of 16 and 19.
1
Calculate the highest common factor of 495 and 1935.
45
Calculate the greatest common divisor of 546 and 63.
21
What is the greatest common factor of 18 and 186?
6
What is the greatest common factor of 40 and 256?
8
Calculate the highest common factor of 189 and 1785.
21
Calculate the highest common divisor of 5 and 705.
5
What is the greatest common divisor of 45 and 25?
5
What is the greatest common factor of 205 and 115?
5
What is the greatest common factor of 2600 and 128?
8
Calculate the greatest common factor of 7093 and 41.
41
What is the greatest common factor of 828 and 18?
18
What is the highest common factor of 2 and 19?
1
Calculate the greatest common divisor of 140 and 1690.
10
What is the greatest common divisor of 1112 and 1807?
139
Calculate the highest common divisor of 121 and 33.
11
What is the highest common divisor of 165 and 15?
15
What is the greatest common divisor of 216 and 96?
24
What is the highest common factor of 1494 and 18?
18
What is the highest common divisor of 68 and 17?
17
What is the highest common divisor of 32 and 664?
8
Calculate the greatest common factor of 10 and 12010.
10
Calculate the greatest common factor of 5875 and 250.
125
Calculate the greatest common factor of 17 and 153.
17
Calculate the greatest common divisor of 102 and 34.
34
What is the highest common divisor of 1323 and 4263?
147
What is the highest common factor of 3 and 72?
3
What is the greatest common divisor of 280 and 6104?
56
Calculate the highest common factor of 1178 and 95.
19
What is the greatest common factor of 1136 and 16?
16
What is the greatest common divisor of 238 and 98?
14
What is the highest common factor of 90 and 330?
30
Calculate the highest common factor of 39 and 1911.
39
What is the highest common divisor of 300 and 40?
20
Calculate the highest common divisor of 31212 and 85.
17
What is the highest common divisor of 78 and 507?
39
Calculate the highest common factor of 225 and 18.
9
Calculate the highest common divisor of 3104 and 97.
97
What is the highest common factor of 817 and 172?
43
Calculate the highest common factor of 33 and 495.
33
Calculate the greatest common factor of 12 and 2668.
4
What is the highest common divisor of 45 and 3285?
45
What is the highest common factor of 39 and 507?
39
Calculate the greatest common factor of 4982 and 94.
94
What is the highest common factor of 28 and 40?
4
Calculate the greatest common divisor of 8595 and 382.
191
Calculate the highest common divisor of 369 and 7503.
123
Calculate the grea